{"id":25,"date":"2021-02-01T12:59:19","date_gmt":"2021-02-01T12:59:19","guid":{"rendered":"http:\/\/hamadeh-texte.de\/?page_id=25"},"modified":"2021-02-01T15:27:27","modified_gmt":"2021-02-01T15:27:27","slug":"cv","status":"publish","type":"page","link":"https:\/\/hamadeh-texte.de\/?page_id=25","title":{"rendered":"CV"},"content":{"rendered":"\n<div class=\"wp-block-image\"><figure class=\"alignright size-large\"><img loading=\"lazy\" decoding=\"async\" width=\"210\" height=\"245\" src=\"http:\/\/hamadeh-texte.de\/wp-content\/uploads\/2021\/02\/anis.jpg\" alt=\"\" class=\"wp-image-43\"\/><\/figure><\/div>\n\n\n\n<p><strong>Anis Hamadeh <\/strong>(geb. 25.10.1966 in Hamburg, wohnhaft in Mainz)<\/p>\n\n\n\n<p><strong>Seit 01.06.2020: <\/strong>Freiberuflicher Lektor und Texter<\/p>\n\n\n\n<p><strong>08.04.2019 &#8211; 31.05.2020: <\/strong>Lektorat und Audio\/Video-Transkripte f\u00fcr Gutachten im Familienrecht bei der Firma Tandem in Dortmund mit fachlicher Schulung (von zu Hause aus)<\/p>\n\n\n\n<p><strong>01.01. \u2013 31.12.2018: <\/strong>Wissenschaftlicher Mitarbeiter bei Mainzer Kompetenz Initiativen e.V. (mki), Projekt \u00bbSo geht&#8217;s! Unternehmen besch\u00e4ftigen Gefl\u00fcchtete\u00ab (EU, ESF, MSAGD-RLP). 01.07. sowieProjektleiter (10%-Stelle) im Gefl\u00fcchteten-Projekt \u00bbHier in Mainz\u00ab im Haus der Jugend (mki, Stadt Mainz, Integrationsministerium RLP)<\/p>\n\n\n\n<p><strong>24.08.2015 \u2013 31.12.2017: <\/strong>Fl\u00fcchtlingsberater bei der Caritas Mainz in den Projekten \u00bbBesch\u00e4ftigungspilot f\u00fcr Fl\u00fcchtlinge\u00ab (Mainz und Landkreis), \u00bbKompetenzen erfassen\u00ab (im Camp Ingelheim) sowie \u00bbSTARTen im Landkreis Mainz-Bingen\u00ab (in Bingen)<\/p>\n\n\n\n<p><strong>2001 \u2013 2015 Kiel, Hamm, Mainz: <\/strong>Selbstst\u00e4ndigkeit als Schriftsteller, Journalist, Musiker und Zeichner, mit B\u00fchnenauftritten, Ver\u00f6ffentlichungen und Verkaufsst\u00e4nden. Nebenjobs als Texter, \u00dcbersetzer, Workshop-Leiter, Referent, Moderator, Website-Betreuer. &#8211; Auswahl von Werken:<\/p>\n\n\n\n<p class=\"has-small-font-size\">     <strong>07\/2014: <\/strong>CD \u00bbDie Jungs. Zw\u00f6lf H\u00f6rspieldialoge von und mit Anis\u00ab, Timezone Records Osnabr\u00fcck LC 12791, TZ 261<\/p>\n\n\n\n<p class=\"has-small-font-size\">     <strong>10\/2013: <\/strong>\u00bbIslam verstehen. Ein praktisches Handbuch\u00ab, Verlag Donata Kinzelbach (Mainz), ISBN 978-3-942490-11-5<\/p>\n\n\n\n<p class=\"has-small-font-size\">     <strong>04\/2013: <\/strong>CD \u00bbThe Flood. A Story Told in Thirty Songs\u00ab, Timezone Records Osnabr\u00fcck LC 12791, TZ 953<\/p>\n\n\n\n<p class=\"has-small-font-size\">     <strong>02\/2013: <\/strong>\u00bbRobert und andere gereimte Geschichten, Satiren und M\u00e4rchen\u00ab, Verlag Donata Kinzelbach Mainz, ISBN  978-3-942490-09-2<\/p>\n\n\n\n<p class=\"has-small-font-size\">     <strong>05\/2009: <\/strong>Glenn D. Paige, \u00bbNonkilling. Wissenschaft von der nicht t\u00f6tenden Gesellschaft\u00ab, HWK-Verlag, ISBN 978-3-937245-02-7. \u00dcbersetzt von Anis Hamadeh.<\/p>\n\n\n\n<p class=\"has-small-font-size\">     <strong>06\/1996: <\/strong>Wissenschaftlicher Artikel: \u00bbThe Concept of Science in Early Islam\u00ab, in: Periodica Islamica 6\/96, S. 7-14<\/p>\n\n\n\n<p><strong>1998 &#8211; 2001 Kiel:<\/strong> Arabisch-Dozent f\u00fcr alle Stufen an der Uni Kiel, inklusive klassischer und moderner Literatur, Dialekten und Kalligraphie<\/p>\n\n\n\n<p><strong>1989 &#8211; 1997 Hamburg: <\/strong>Studium der Islamwissenschaft und Anglistik (Linguistik). Magister-Abschluss, Note: Sehr gut; Seminardozent Uni Hamburg und Volkshochschule; PR-Texter<\/p>\n\n\n\n<p><strong>1988 &#8211; 1989:<\/strong> zwei Semester Arabisch-Studium, Universit\u00e4t von Alexandria (mit 22)<\/p>\n\n\n\n<p><strong>1986 &#8211; 1988: <\/strong>20 Monate Zivildienst bei der Arbeiterwohlfahrt in Hamm\/Westfalen<\/p>\n\n\n\n<p><strong>1982 &#8211; 1983: <\/strong>zwei Semester Arabisch-Studium, Mustansiriya-Universit\u00e4t in Bagdad (mit 16)<\/p>\n\n\n\n<p><strong>1971 &#8211; 1986:<\/strong> Schule und Abitur in Oelde\/Westfalen<\/p>\n\n\n\n<p><strong>Sprachen<\/strong>: &nbsp;&nbsp;&nbsp;&nbsp;&nbsp;&nbsp;&nbsp;&nbsp;&nbsp;&nbsp;&nbsp; Deutsch (Muttersprache); Englisch und Arabisch flie\u00dfend in Wort und Schrift;<\/p>\n\n\n\n<p>&nbsp;&nbsp;&nbsp;&nbsp;&nbsp;&nbsp;&nbsp;&nbsp;&nbsp;&nbsp;&nbsp;&nbsp;&nbsp;&nbsp;&nbsp;&nbsp;&nbsp;&nbsp;&nbsp;&nbsp;&nbsp;&nbsp;&nbsp;&nbsp;&nbsp;&nbsp;&nbsp;&nbsp;&nbsp;&nbsp;      Franz\u00f6sisch: erweiterte Kenntnisse; Italienisch, Persisch u.a.<\/p>\n\n\n\n<p><strong>EDV<\/strong>: &nbsp;&nbsp;&nbsp;&nbsp;&nbsp;&nbsp;&nbsp;&nbsp;&nbsp;&nbsp;&nbsp;&nbsp;&nbsp;&nbsp;&nbsp;&nbsp;&nbsp;&nbsp;&nbsp;&nbsp;&nbsp;   Word, HTML-Programmierung, CMS-Systeme (Websites), Internet-Erfahrung<\/p>\n\n\n\n<p><strong>Sonstiges<\/strong>: &nbsp;&nbsp;&nbsp;&nbsp;&nbsp;&nbsp;&nbsp;&nbsp;&nbsp;&nbsp;&nbsp; PKW-F\u00fchrerschein; Sprechstimme f\u00fcr Aufnahmen und Moderationen; Schachspieler<\/p>\n","protected":false},"excerpt":{"rendered":"<p>Anis Hamadeh (geb. 25.10.1966 in Hamburg, wohnhaft in Mainz) Seit 01.06.2020: Freiberuflicher Lektor und Texter 08.04.2019 &#8211; 31.05.2020: Lektorat und Audio\/Video-Transkripte f\u00fcr Gutachten im Familienrecht bei der Firma Tandem in Dortmund mit fachlicher Schulung (von zu Hause aus) 01.01. \u2013 31.12.2018: Wissenschaftlicher Mitarbeiter bei Mainzer Kompetenz Initiativen e.V. (mki), Projekt \u00bbSo geht&#8217;s! Unternehmen besch\u00e4ftigen Gefl\u00fcchtete\u00ab (EU, ESF, MSAGD-RLP). 01.07. sowieProjektleiter (10%-Stelle) im Gefl\u00fcchteten-Projekt \u00bbHier in Mainz\u00ab im Haus der Jugend (mki, Stadt Mainz, Integrationsministerium RLP) 24.08.2015 \u2013 31.12.2017: Fl\u00fcchtlingsberater bei [&#8230;]<\/p>\n","protected":false},"author":1,"featured_media":0,"parent":0,"menu_order":0,"comment_status":"closed","ping_status":"closed","template":"","meta":{"footnotes":""},"class_list":["post-25","page","type-page","status-publish","hentry"],"_links":{"self":[{"href":"https:\/\/hamadeh-texte.de\/index.php?rest_route=\/wp\/v2\/pages\/25","targetHints":{"allow":["GET"]}}],"collection":[{"href":"https:\/\/hamadeh-texte.de\/index.php?rest_route=\/wp\/v2\/pages"}],"about":[{"href":"https:\/\/hamadeh-texte.de\/index.php?rest_route=\/wp\/v2\/types\/page"}],"author":[{"embeddable":true,"href":"https:\/\/hamadeh-texte.de\/index.php?rest_route=\/wp\/v2\/users\/1"}],"replies":[{"embeddable":true,"href":"https:\/\/hamadeh-texte.de\/index.php?rest_route=%2Fwp%2Fv2%2Fcomments&post=25"}],"version-history":[{"count":4,"href":"https:\/\/hamadeh-texte.de\/index.php?rest_route=\/wp\/v2\/pages\/25\/revisions"}],"predecessor-version":[{"id":117,"href":"https:\/\/hamadeh-texte.de\/index.php?rest_route=\/wp\/v2\/pages\/25\/revisions\/117"}],"wp:attachment":[{"href":"https:\/\/hamadeh-texte.de\/index.php?rest_route=%2Fwp%2Fv2%2Fmedia&parent=25"}],"curies":[{"name":"wp","href":"https:\/\/api.w.org\/{rel}","templated":true}]}}

<div class="wp-block-image"><figure class="alignright size-large"><img loading="lazy" decoding="async" width="210" height="245" src="http://hamadeh-texte.de/wp-content/uploads/2021/02/anis.jpg" alt="" class="wp-image-43"/></figure></div>



<p><strong>Anis Hamadeh </strong>(geb. 25.10.1966 in Hamburg, wohnhaft in Mainz)</p>



<p><strong>Seit 01.06.2020: </strong>Freiberuflicher Lektor und Texter</p>



<p><strong>08.04.2019 &#8211; 31.05.2020: </strong>Lektorat und Audio/Video-Transkripte für Gutachten im Familienrecht bei der Firma Tandem in Dortmund mit fachlicher Schulung (von zu Hause aus)</p>



<p><strong>01.01. – 31.12.2018: </strong>Wissenschaftlicher Mitarbeiter bei Mainzer Kompetenz Initiativen e.V. (mki), Projekt »So geht&#8217;s! Unternehmen beschäftigen Geflüchtete« (EU, ESF, MSAGD-RLP). 01.07. sowieProjektleiter (10%-Stelle) im Geflüchteten-Projekt »Hier in Mainz« im Haus der Jugend (mki, Stadt Mainz, Integrationsministerium RLP)</p>



<p><strong>24.08.2015 – 31.12.2017: </strong>Flüchtlingsberater bei der Caritas Mainz in den Projekten »Beschäftigungspilot für Flüchtlinge« (Mainz und Landkreis), »Kompetenzen erfassen« (im Camp Ingelheim) sowie »STARTen im Landkreis Mainz-Bingen« (in Bingen)</p>



<p><strong>2001 – 2015 Kiel, Hamm, Mainz: </strong>Selbstständigkeit als Schriftsteller, Journalist, Musiker und Zeichner, mit Bühnenauftritten, Veröffentlichungen und Verkaufsständen. Nebenjobs als Texter, Übersetzer, Workshop-Leiter, Referent, Moderator, Website-Betreuer. &#8211; Auswahl von Werken:</p>



<p class="has-small-font-size">     <strong>07/2014: </strong>CD »Die Jungs. Zwölf Hörspieldialoge von und mit Anis«, Timezone Records Osnabrück LC 12791, TZ 261</p>



<p class="has-small-font-size">     <strong>10/2013: </strong>»Islam verstehen. Ein praktisches Handbuch«, Verlag Donata Kinzelbach (Mainz), ISBN 978-3-942490-11-5</p>



<p class="has-small-font-size">     <strong>04/2013: </strong>CD »The Flood. A Story Told in Thirty Songs«, Timezone Records Osnabrück LC 12791, TZ 953</p>



<p class="has-small-font-size">     <strong>02/2013: </strong>»Robert und andere gereimte Geschichten, Satiren und Märchen«, Verlag Donata Kinzelbach Mainz, ISBN  978-3-942490-09-2</p>



<p class="has-small-font-size">     <strong>05/2009: </strong>Glenn D. Paige, »Nonkilling. Wissenschaft von der nicht tötenden Gesellschaft«, HWK-Verlag, ISBN 978-3-937245-02-7. Übersetzt von Anis Hamadeh.</p>



<p class="has-small-font-size">     <strong>06/1996: </strong>Wissenschaftlicher Artikel: »The Concept of Science in Early Islam«, in: Periodica Islamica 6/96, S. 7-14</p>



<p><strong>1998 &#8211; 2001 Kiel:</strong> Arabisch-Dozent für alle Stufen an der Uni Kiel, inklusive klassischer und moderner Literatur, Dialekten und Kalligraphie</p>



<p><strong>1989 &#8211; 1997 Hamburg: </strong>Studium der Islamwissenschaft und Anglistik (Linguistik). Magister-Abschluss, Note: Sehr gut; Seminardozent Uni Hamburg und Volkshochschule; PR-Texter</p>



<p><strong>1988 &#8211; 1989:</strong> zwei Semester Arabisch-Studium, Universität von Alexandria (mit 22)</p>



<p><strong>1986 &#8211; 1988: </strong>20 Monate Zivildienst bei der Arbeiterwohlfahrt in Hamm/Westfalen</p>



<p><strong>1982 &#8211; 1983: </strong>zwei Semester Arabisch-Studium, Mustansiriya-Universität in Bagdad (mit 16)</p>



<p><strong>1971 &#8211; 1986:</strong> Schule und Abitur in Oelde/Westfalen</p>



<p><strong>Sprachen</strong>: &nbsp;&nbsp;&nbsp;&nbsp;&nbsp;&nbsp;&nbsp;&nbsp;&nbsp;&nbsp;&nbsp; Deutsch (Muttersprache); Englisch und Arabisch fließend in Wort und Schrift;</p>



<p>&nbsp;&nbsp;&nbsp;&nbsp;&nbsp;&nbsp;&nbsp;&nbsp;&nbsp;&nbsp;&nbsp;&nbsp;&nbsp;&nbsp;&nbsp;&nbsp;&nbsp;&nbsp;&nbsp;&nbsp;&nbsp;&nbsp;&nbsp;&nbsp;&nbsp;&nbsp;&nbsp;&nbsp;&nbsp;&nbsp;      Französisch: erweiterte Kenntnisse; Italienisch, Persisch u.a.</p>



<p><strong>EDV</strong>: &nbsp;&nbsp;&nbsp;&nbsp;&nbsp;&nbsp;&nbsp;&nbsp;&nbsp;&nbsp;&nbsp;&nbsp;&nbsp;&nbsp;&nbsp;&nbsp;&nbsp;&nbsp;&nbsp;&nbsp;&nbsp;   Word, HTML-Programmierung, CMS-Systeme (Websites), Internet-Erfahrung</p>



<p><strong>Sonstiges</strong>: &nbsp;&nbsp;&nbsp;&nbsp;&nbsp;&nbsp;&nbsp;&nbsp;&nbsp;&nbsp;&nbsp; PKW-Führerschein; Sprechstimme für Aufnahmen und Moderationen; Schachspieler</p>

<p>Anis Hamadeh (geb. 25.10.1966 in Hamburg, wohnhaft in Mainz) Seit 01.06.2020: Freiberuflicher Lektor und Texter 08.04.2019 &#8211; 31.05.2020: Lektorat und Audio/Video-Transkripte für Gutachten im Familienrecht bei der Firma Tandem in Dortmund mit fachlicher Schulung (von zu Hause aus) 01.01. – 31.12.2018: Wissenschaftlicher Mitarbeiter bei Mainzer Kompetenz Initiativen e.V. (mki), Projekt »So geht&#8217;s! Unternehmen beschäftigen Geflüchtete« (EU, ESF, MSAGD-RLP). 01.07. sowieProjektleiter (10%-Stelle) im Geflüchteten-Projekt »Hier in Mainz« im Haus der Jugend (mki, Stadt Mainz, Integrationsministerium RLP) 24.08.2015 – 31.12.2017: Flüchtlingsberater bei [&#8230;]</p>
